{"id":564,"date":"2021-05-18T18:50:00","date_gmt":"2021-05-18T17:50:00","guid":{"rendered":"http:\/\/www.poisvilliers.fr\/?page_id=564"},"modified":"2021-05-21T14:52:51","modified_gmt":"2021-05-21T13:52:51","slug":"nouveaux-projets","status":"publish","type":"page","link":"http:\/\/www.poisvilliers.fr\/?page_id=564","title":{"rendered":"Bo\u00eete \u00e0 livres"},"content":{"rendered":"\n<p>Une bo\u00eete \u00e0 livres a \u00e9t\u00e9 install\u00e9e sur la commune profitez-en et surtout bonne lecture \u00e0 tous en prenant soin de respecter le r\u00e8glement.<\/p>\n\n\n\n<figure class=\"wp-block-image size-large\"><a href=\"http:\/\/www.poisvilliers.fr\/wp-content\/uploads\/2021\/01\/183807549_3615074895385330_505523876450317133_n.jpg\"><img loading=\"lazy\" width=\"528\" height=\"960\" src=\"http:\/\/www.poisvilliers.fr\/wp-content\/uploads\/2021\/01\/183807549_3615074895385330_505523876450317133_n.jpg\" alt=\"\" class=\"wp-image-1079\" srcset=\"http:\/\/www.poisvilliers.fr\/wp-content\/uploads\/2021\/01\/183807549_3615074895385330_505523876450317133_n.jpg 528w, http:\/\/www.poisvilliers.fr\/wp-content\/uploads\/2021\/01\/183807549_3615074895385330_505523876450317133_n-165x300.jpg 165w, http:\/\/www.poisvilliers.fr\/wp-content\/uploads\/2021\/01\/183807549_3615074895385330_505523876450317133_n-116x210.jpg 116w\" sizes=\"(max-width: 528px) 100vw, 528px\" \/><\/a><\/figure>\n\n\n\n<figure class=\"wp-block-image size-large\"><a href=\"http:\/\/www.poisvilliers.fr\/wp-content\/uploads\/2021\/01\/183475076_3615075062051980_4187927208849865120_n.jpg\"><img loading=\"lazy\" width=\"528\" height=\"960\" src=\"http:\/\/www.poisvilliers.fr\/wp-content\/uploads\/2021\/01\/183475076_3615075062051980_4187927208849865120_n.jpg\" alt=\"\" class=\"wp-image-1078\" srcset=\"http:\/\/www.poisvilliers.fr\/wp-content\/uploads\/2021\/01\/183475076_3615075062051980_4187927208849865120_n.jpg 528w, http:\/\/www.poisvilliers.fr\/wp-content\/uploads\/2021\/01\/183475076_3615075062051980_4187927208849865120_n-165x300.jpg 165w, http:\/\/www.poisvilliers.fr\/wp-content\/uploads\/2021\/01\/183475076_3615075062051980_4187927208849865120_n-116x210.jpg 116w\" sizes=\"(max-width: 528px) 100vw, 528px\" \/><\/a><\/figure>\n\n\n\n<p class=\"has-text-align-center\">R\u00e8glement de la bo\u00eete \u00e0 livres<\/p>\n","protected":false},"excerpt":{"rendered":"<p>Une bo\u00eete \u00e0 livres a \u00e9t\u00e9 install\u00e9e sur la commune profitez-en et surtout bonne lecture \u00e0 tous en prenant soin de respecter le r\u00e8glement. R\u00e8glement de la bo\u00eete \u00e0 livres<\/p>\n","protected":false},"author":3,"featured_media":1079,"parent":0,"menu_order":0,"comment_status":"closed","ping_status":"closed","template":"","meta":[],"_links":{"self":[{"href":"http:\/\/www.poisvilliers.fr\/index.php?rest_route=\/wp\/v2\/pages\/564"}],"collection":[{"href":"http:\/\/www.poisvilliers.fr\/index.php?rest_route=\/wp\/v2\/pages"}],"about":[{"href":"http:\/\/www.poisvilliers.fr\/index.php?rest_route=\/wp\/v2\/types\/page"}],"author":[{"embeddable":true,"href":"http:\/\/www.poisvilliers.fr\/index.php?rest_route=\/wp\/v2\/users\/3"}],"replies":[{"embeddable":true,"href":"http:\/\/www.poisvilliers.fr\/index.php?rest_route=%2Fwp%2Fv2%2Fcomments&post=564"}],"version-history":[{"count":4,"href":"http:\/\/www.poisvilliers.fr\/index.php?rest_route=\/wp\/v2\/pages\/564\/revisions"}],"predecessor-version":[{"id":1180,"href":"http:\/\/www.poisvilliers.fr\/index.php?rest_route=\/wp\/v2\/pages\/564\/revisions\/1180"}],"wp:featuredmedia":[{"embeddable":true,"href":"http:\/\/www.poisvilliers.fr\/index.php?rest_route=\/wp\/v2\/media\/1079"}],"wp:attachment":[{"href":"http:\/\/www.poisvilliers.fr\/index.php?rest_route=%2Fwp%2Fv2%2Fmedia&parent=564"}],"curies":[{"name":"wp","href":"https:\/\/api.w.org\/{rel}","templated":true}]}}