{"id":162,"date":"2014-09-03T22:32:40","date_gmt":"2014-09-03T21:32:40","guid":{"rendered":"http:\/\/localhost\/Poisvilliers\/?page_id=162"},"modified":"2015-07-24T21:59:56","modified_gmt":"2015-07-24T20:59:56","slug":"notre-ecole","status":"publish","type":"page","link":"http:\/\/www.poisvilliers.fr\/?page_id=162","title":{"rendered":"Notre \u00e9cole (l&rsquo;histoire)"},"content":{"rendered":"<p>Notre<a href=\"http:\/\/poisvillnq.cluster011.ovh.net\/wp-content\/uploads\/2014\/09\/ecole5.gif\"><img loading=\"lazy\" class=\"alignleft wp-image-167 size-full\" src=\"http:\/\/poisvillnq.cluster011.ovh.net\/wp-content\/uploads\/2014\/09\/ecole5.gif\" alt=\"\" width=\"188\" height=\"129\" \/><\/a> \u00e9cole a beaucoup \u00e9volu\u00e9 au fil du temps. Nous avons retrouv\u00e9 le proc\u00e8s-verbal d\u2019adjuction au rabais de la construction d\u2019une maison d\u2019\u00e9cole et d\u2019un logement d\u2019instituteur en date du 18 Avril 1849.<br \/>\nComme nous pouvons le voir sur le plan datant de 1866, la classe \u00e9tait situ\u00e9e derri\u00e8re le logement de l\u2019instituteur. Celui-ci \u00e9tait compos\u00e9 de deux chambres et d\u2019une cuisine.<br \/>\nA cette \u00e9poque, il n\u2019y avait qu\u2019une seule cour pour les gar\u00e7ons et les filles. Au fond de la cours, \u00e0 droite, il y avait un cellier. Un mur s\u00e9parait le cour de la rue.<br \/>\nC\u2019est en 1966 que l\u2019on d\u00e9cide de d\u00e9molir l\u2019ancien arsenal afin d\u2019ajouter \u00e0 cet emplacement une chambre suppl\u00e9mentaire dans le logement de l\u2019instituteur. Un nouvel arsenal est alors construit juste \u00e0 c\u00f4t\u00e9 e cette chambre.<br \/>\nEn 1881, on agrandit \u00ab\u00a0la <a href=\"http:\/\/poisvillnq.cluster011.ovh.net\/wp-content\/uploads\/2014\/09\/ecole2.jpg\"><img loading=\"lazy\" class=\" wp-image-164 size-medium aligncenter\" src=\"http:\/\/poisvillnq.cluster011.ovh.net\/wp-content\/uploads\/2014\/09\/ecole2-300x173.jpg\" alt=\"\" width=\"300\" height=\"173\" srcset=\"http:\/\/www.poisvilliers.fr\/wp-content\/uploads\/2014\/09\/ecole2-300x173.jpg 300w, http:\/\/www.poisvilliers.fr\/wp-content\/uploads\/2014\/09\/ecole2-210x121.jpg 210w, http:\/\/www.poisvilliers.fr\/wp-content\/uploads\/2014\/09\/ecole2.jpg 344w\" sizes=\"(max-width: 300px) 100vw, 300px\" \/><\/a>maison d&rsquo;\u00e9cole\u00a0\u00a0\u00bb. Pour agrandir la cuisine, on supprime la cloison qui la s\u00e9parait de la chambre voisine. La chambre qui \u00e9tait situ\u00e9e \u00e0 c\u00f4t\u00e9 de l\u2019arsenal devient la mairie. L\u2019ancienne mairie est transform\u00e9e en bureau \u2013 salle \u00e0 manger dans le logement de l\u2019instituteur. On construit un \u00e9tage \u00e0 la maison de l\u2019instituteur, pour y faire des chambres. L\u2019ancienne classe est transform\u00e9e en vestibule, cidrier et buanderie. Elle fait dor\u00e9navant partie du logement.<br \/>\nOn construit alors une nouvelle classe dans le prolongement du logement. Cette classe existe toujours: C\u2019est actuellement la classe de CM1-CM2 (\u00e0 v\u00e9rifier). Dans cette classe, une cloison s\u00e9parait les filles et les gar\u00e7ons. Il y avait \u00e9galement un vestiaire r\u00e9serv\u00e9 aux filles et un autre pour les gar\u00e7ons. Les filles et les gar\u00e7ons \u00e9taient \u00e9galement s\u00e9par\u00e9 pendant la r\u00e9cr\u00e9ation puisqu\u2019il y avait deux cours et deux pr\u00e9aux. La cour des gar\u00e7ons \u00e9tait \u00e0 l\u2019emplacement de la cour de la mairie. Sur le plan de 1881, on peut voir deux WC dans chaque cour.<a href=\"http:\/\/poisvillnq.cluster011.ovh.net\/wp-content\/uploads\/2014\/09\/ecole4.jpg\"><img loading=\"lazy\" class=\" wp-image-166 size-full alignright\" src=\"http:\/\/poisvillnq.cluster011.ovh.net\/wp-content\/uploads\/2014\/09\/ecole4.jpg\" alt=\"\" width=\"239\" height=\"235\" srcset=\"http:\/\/www.poisvilliers.fr\/wp-content\/uploads\/2014\/09\/ecole4.jpg 239w, http:\/\/www.poisvilliers.fr\/wp-content\/uploads\/2014\/09\/ecole4-210x206.jpg 210w\" sizes=\"(max-width: 239px) 100vw, 239px\" \/><\/a><a href=\"http:\/\/poisvillnq.cluster011.ovh.net\/wp-content\/uploads\/2014\/09\/ecole3.jpg\"><img loading=\"lazy\" class=\" wp-image-165 size-medium alignleft\" src=\"http:\/\/poisvillnq.cluster011.ovh.net\/wp-content\/uploads\/2014\/09\/ecole3-300x210.jpg\" alt=\"\" width=\"300\" height=\"210\" srcset=\"http:\/\/www.poisvilliers.fr\/wp-content\/uploads\/2014\/09\/ecole3-300x210.jpg 300w, http:\/\/www.poisvilliers.fr\/wp-content\/uploads\/2014\/09\/ecole3-210x147.jpg 210w, http:\/\/www.poisvilliers.fr\/wp-content\/uploads\/2014\/09\/ecole3.jpg 305w\" sizes=\"(max-width: 300px) 100vw, 300px\" \/><\/a><a href=\"http:\/\/poisvillnq.cluster011.ovh.net\/wp-content\/uploads\/2014\/09\/ecole1.jpg\"><img loading=\"lazy\" class=\" wp-image-163 size-medium aligncenter\" src=\"http:\/\/poisvillnq.cluster011.ovh.net\/wp-content\/uploads\/2014\/09\/ecole1-255x300.jpg\" alt=\"\" width=\"255\" height=\"300\" srcset=\"http:\/\/www.poisvilliers.fr\/wp-content\/uploads\/2014\/09\/ecole1-255x300.jpg 255w, http:\/\/www.poisvilliers.fr\/wp-content\/uploads\/2014\/09\/ecole1-178x210.jpg 178w, http:\/\/www.poisvilliers.fr\/wp-content\/uploads\/2014\/09\/ecole1.jpg 263w\" sizes=\"(max-width: 255px) 100vw, 255px\" \/><\/a><\/p>\n<h1>Liste des instituteurs:<\/h1>\n<p><b>Premi\u00e8re classe<\/b><\/p>\n<p>M. M\u00e9lice<\/p>\n<p>M. Paragot<\/p>\n<p>Mme. Moussion (1923-1950)<\/p>\n<p>M. Bourrier (1950 \u2013 1956)<\/p>\n<p>Mme. Legall (1956-19??)<\/p>\n<p>M. Morin (1960-1962)<\/p>\n<p>Mme. Thierry (19??-1967)<\/p>\n<p>Mme. Richard (1967-1970)<\/p>\n<p>Mme. Voreux (1970 -1983)<\/p>\n<p>M. Renou (1983-2000\u00a0\u00a0\u00a0\u00a0\u00a0\u00a0\u00a0\u00a0\u00a0\u00a0\u00a0\u00a0\u00a0\u00a0\u00a0\u00a0\u00a0\u00a0\u00a0\u00a0\u00a0\u00a0\u00a0\u00a0\u00a0\u00a0\u00a0\u00a0\u00a0\u00a0\u00a0\u00a0\u00a0 <b>Deuxi\u00e8me Classe<\/b><\/p>\n<p>Mme Turpin (2000-2001)\u00a0\u00a0\u00a0\u00a0\u00a0\u00a0\u00a0\u00a0\u00a0\u00a0\u00a0\u00a0\u00a0\u00a0\u00a0\u00a0\u00a0\u00a0\u00a0\u00a0\u00a0\u00a0\u00a0\u00a0\u00a0 Mlle Clichy (1998 -2014)<\/p>\n<p>M. Colas (2001 -2002)\u00a0\u00a0\u00a0\u00a0\u00a0\u00a0\u00a0\u00a0\u00a0\u00a0\u00a0\u00a0\u00a0\u00a0\u00a0\u00a0\u00a0\u00a0\u00a0\u00a0\u00a0\u00a0\u00a0\u00a0\u00a0\u00a0\u00a0\u00a0\u00a0\u00a0\u00a0\u00a0\u00a0\u00a0\u00a0\u00a0\u00a0\u00a0\u00a0\u00a0\u00a0\u00a0\u00a0\u00a0 \/\/<\/p>\n<p>M. Lafeuil (2002-2005) \u00a0 \u00a0 \u00a0 \u00a0 \u00a0 \u00a0 \u00a0 \u00a0 \u00a0 \u00a0 \u00a0 \u00a0\u00a0 \u00a0 \u00a0 \u00a0 \u00a0 \u00a0 \u00a0 \u00a0 \u00a0 \/\/\u00a0 \u00a0 \u00a0 \u00a0 \u00a0 \u00a0 \u00a0 \u00a0 \u00a0 \u00a0 \u00a0 \u00a0 \u00a0 \u00a0\u00a0\u00a0 \u00a0 <b>Troisi\u00e8me Classe<\/b><\/p>\n<p>Mme Le Berre (2005-20??)\u00a0\u00a0\u00a0\u00a0\u00a0\u00a0\u00a0\u00a0\u00a0\u00a0\u00a0\u00a0\u00a0\u00a0\u00a0\u00a0\u00a0\u00a0\u00a0\u00a0\u00a0\u00a0\u00a0\u00a0\u00a0\u00a0\u00a0\u00a0\u00a0\u00a0\u00a0\u00a0\u00a0\u00a0\u00a0 \/\/ \u00a0\u00a0\u00a0\u00a0\u00a0\u00a0\u00a0\u00a0\u00a0\u00a0\u00a0\u00a0\u00a0\u00a0\u00a0\u00a0\u00a0\u00a0\u00a0\u00a0\u00a0\u00a0\u00a0\u00a0\u00a0\u00a0\u00a0\u00a0\u00a0\u00a0\u00a0\u00a0\u00a0 Mme P\u00e8pe (2005-2006)<\/p>\n<p>Mme Aubry (2006- 20??)<\/p>\n<p>Mme Ferrari (Directrice) (dans l&rsquo;attente d\u2019\u00e9l\u00e9ments pour compl\u00e9ter)<\/p>\n<p>A ce jour, M Pelardi est le directeur de l\u2019\u00e9cole.<\/p>\n<p>&nbsp;<\/p>\n","protected":false},"excerpt":{"rendered":"<p>Notre \u00e9cole a beaucoup \u00e9volu\u00e9 au fil du temps. Nous avons retrouv\u00e9 le proc\u00e8s-verbal d\u2019adjuction au rabais de la construction d\u2019une maison d\u2019\u00e9cole et d\u2019un logement d\u2019instituteur en date du &hellip; <a class=\"readmore\" href=\"http:\/\/www.poisvilliers.fr\/?page_id=162\">Continue Reading &rarr;<\/a><\/p>\n","protected":false},"author":1,"featured_media":0,"parent":0,"menu_order":0,"comment_status":"closed","ping_status":"open","template":"","meta":[],"_links":{"self":[{"href":"http:\/\/www.poisvilliers.fr\/index.php?rest_route=\/wp\/v2\/pages\/162"}],"collection":[{"href":"http:\/\/www.poisvilliers.fr\/index.php?rest_route=\/wp\/v2\/pages"}],"about":[{"href":"http:\/\/www.poisvilliers.fr\/index.php?rest_route=\/wp\/v2\/types\/page"}],"author":[{"embeddable":true,"href":"http:\/\/www.poisvilliers.fr\/index.php?rest_route=\/wp\/v2\/users\/1"}],"replies":[{"embeddable":true,"href":"http:\/\/www.poisvilliers.fr\/index.php?rest_route=%2Fwp%2Fv2%2Fcomments&post=162"}],"version-history":[{"count":7,"href":"http:\/\/www.poisvilliers.fr\/index.php?rest_route=\/wp\/v2\/pages\/162\/revisions"}],"predecessor-version":[{"id":380,"href":"http:\/\/www.poisvilliers.fr\/index.php?rest_route=\/wp\/v2\/pages\/162\/revisions\/380"}],"wp:attachment":[{"href":"http:\/\/www.poisvilliers.fr\/index.php?rest_route=%2Fwp%2Fv2%2Fmedia&parent=162"}],"curies":[{"name":"wp","href":"https:\/\/api.w.org\/{rel}","templated":true}]}}

Notre école (l&rsquo;histoire)

<p>Notre<a href="http://poisvillnq.cluster011.ovh.net/wp-content/uploads/2014/09/ecole5.gif"><img loading="lazy" class="alignleft wp-image-167 size-full" src="http://poisvillnq.cluster011.ovh.net/wp-content/uploads/2014/09/ecole5.gif" alt="" width="188" height="129" /></a> école a beaucoup évolué au fil du temps. Nous avons retrouvé le procès-verbal d’adjuction au rabais de la construction d’une maison d’école et d’un logement d’instituteur en date du 18 Avril 1849.<br />
Comme nous pouvons le voir sur le plan datant de 1866, la classe était située derrière le logement de l’instituteur. Celui-ci était composé de deux chambres et d’une cuisine.<br />
A cette époque, il n’y avait qu’une seule cour pour les garçons et les filles. Au fond de la cours, à droite, il y avait un cellier. Un mur séparait le cour de la rue.<br />
C’est en 1966 que l’on décide de démolir l’ancien arsenal afin d’ajouter à cet emplacement une chambre supplémentaire dans le logement de l’instituteur. Un nouvel arsenal est alors construit juste à côté e cette chambre.<br />
En 1881, on agrandit « la <a href="http://poisvillnq.cluster011.ovh.net/wp-content/uploads/2014/09/ecole2.jpg"><img loading="lazy" class=" wp-image-164 size-medium aligncenter" src="http://poisvillnq.cluster011.ovh.net/wp-content/uploads/2014/09/ecole2-300x173.jpg" alt="" width="300" height="173" srcset="http://www.poisvilliers.fr/wp-content/uploads/2014/09/ecole2-300x173.jpg 300w, http://www.poisvilliers.fr/wp-content/uploads/2014/09/ecole2-210x121.jpg 210w, http://www.poisvilliers.fr/wp-content/uploads/2014/09/ecole2.jpg 344w" sizes="(max-width: 300px) 100vw, 300px" /></a>maison d&rsquo;école  ». Pour agrandir la cuisine, on supprime la cloison qui la séparait de la chambre voisine. La chambre qui était située à côté de l’arsenal devient la mairie. L’ancienne mairie est transformée en bureau – salle à manger dans le logement de l’instituteur. On construit un étage à la maison de l’instituteur, pour y faire des chambres. L’ancienne classe est transformée en vestibule, cidrier et buanderie. Elle fait dorénavant partie du logement.<br />
On construit alors une nouvelle classe dans le prolongement du logement. Cette classe existe toujours: C’est actuellement la classe de CM1-CM2 (à vérifier). Dans cette classe, une cloison séparait les filles et les garçons. Il y avait également un vestiaire réservé aux filles et un autre pour les garçons. Les filles et les garçons étaient également séparé pendant la récréation puisqu’il y avait deux cours et deux préaux. La cour des garçons était à l’emplacement de la cour de la mairie. Sur le plan de 1881, on peut voir deux WC dans chaque cour.<a href="http://poisvillnq.cluster011.ovh.net/wp-content/uploads/2014/09/ecole4.jpg"><img loading="lazy" class=" wp-image-166 size-full alignright" src="http://poisvillnq.cluster011.ovh.net/wp-content/uploads/2014/09/ecole4.jpg" alt="" width="239" height="235" srcset="http://www.poisvilliers.fr/wp-content/uploads/2014/09/ecole4.jpg 239w, http://www.poisvilliers.fr/wp-content/uploads/2014/09/ecole4-210x206.jpg 210w" sizes="(max-width: 239px) 100vw, 239px" /></a><a href="http://poisvillnq.cluster011.ovh.net/wp-content/uploads/2014/09/ecole3.jpg"><img loading="lazy" class=" wp-image-165 size-medium alignleft" src="http://poisvillnq.cluster011.ovh.net/wp-content/uploads/2014/09/ecole3-300x210.jpg" alt="" width="300" height="210" srcset="http://www.poisvilliers.fr/wp-content/uploads/2014/09/ecole3-300x210.jpg 300w, http://www.poisvilliers.fr/wp-content/uploads/2014/09/ecole3-210x147.jpg 210w, http://www.poisvilliers.fr/wp-content/uploads/2014/09/ecole3.jpg 305w" sizes="(max-width: 300px) 100vw, 300px" /></a><a href="http://poisvillnq.cluster011.ovh.net/wp-content/uploads/2014/09/ecole1.jpg"><img loading="lazy" class=" wp-image-163 size-medium aligncenter" src="http://poisvillnq.cluster011.ovh.net/wp-content/uploads/2014/09/ecole1-255x300.jpg" alt="" width="255" height="300" srcset="http://www.poisvilliers.fr/wp-content/uploads/2014/09/ecole1-255x300.jpg 255w, http://www.poisvilliers.fr/wp-content/uploads/2014/09/ecole1-178x210.jpg 178w, http://www.poisvilliers.fr/wp-content/uploads/2014/09/ecole1.jpg 263w" sizes="(max-width: 255px) 100vw, 255px" /></a></p>
<h1>Liste des instituteurs:</h1>
<p><b>Première classe</b></p>
<p>M. Mélice</p>
<p>M. Paragot</p>
<p>Mme. Moussion (1923-1950)</p>
<p>M. Bourrier (1950 – 1956)</p>
<p>Mme. Legall (1956-19??)</p>
<p>M. Morin (1960-1962)</p>
<p>Mme. Thierry (19??-1967)</p>
<p>Mme. Richard (1967-1970)</p>
<p>Mme. Voreux (1970 -1983)</p>
<p>M. Renou (1983-2000                                  <b>Deuxième Classe</b></p>
<p>Mme Turpin (2000-2001)                          Mlle Clichy (1998 -2014)</p>
<p>M. Colas (2001 -2002)                                             //</p>
<p>M. Lafeuil (2002-2005)                                          //                                <b>Troisième Classe</b></p>
<p>Mme Le Berre (2005-20??)                                    //                                   Mme Pèpe (2005-2006)</p>
<p>Mme Aubry (2006- 20??)</p>
<p>Mme Ferrari (Directrice) (dans l&rsquo;attente d’éléments pour compléter)</p>
<p>A ce jour, M Pelardi est le directeur de l’école.</p>
<p>&nbsp;</p>

<p>Notre école a beaucoup évolué au fil du temps. Nous avons retrouvé le procès-verbal d’adjuction au rabais de la construction d’une maison d’école et d’un logement d’instituteur en date du &hellip; <a class="readmore" href="http://www.poisvilliers.fr/?page_id=162">Continue Reading &rarr;</a></p>
